{"id":30529,"date":"2018-03-01T15:49:54","date_gmt":"2018-03-01T14:49:54","guid":{"rendered":"http:\/\/ravizzaimballaggi.glacom.com\/?page_id=30529"},"modified":"2021-05-21T13:54:11","modified_gmt":"2021-05-21T11:54:11","slug":"prodotti-2","status":"publish","type":"page","link":"https:\/\/www.ravizzaimballaggi.com\/?page_id=30529","title":{"rendered":"Prodotti"},"content":{"rendered":"<p>[vc_row full_width=&#8221;stretch_row&#8221; css=&#8221;.vc_custom_1617018248535{margin-bottom: 0px !important;background-image: url(http:\/\/ravizzaimballaggi.glacom.com\/wp-content\/uploads\/2021\/03\/WhatsApp-Image-2021-03-29-at-13.38.25.jpeg?id=30836) !important;background-position: center !important;background-repeat: no-repeat !important;background-size: cover !important;}&#8221;][vc_column]<div class=\"clearboth\"><\/div><div class=\"gem-divider \" style=\"margin-top: 100px;\"><\/div><div class=\"gem-textbox\" ><div class=\"gem-textbox-inner\" style=\"\"><div class=\"gem-textbox-content\" style=\"background-position: center top;\">[vc_column_text css=&#8221;.vc_custom_1519750416188{margin-bottom: 0px !important;}&#8221; el_class=&#8221;construction-title&#8221;]<\/p>\n<div class=\"title-xlarge\" style=\"text-align: center; letter-spacing: 0.02em;\"><span style=\"color: #000bdb;\">Prodotti<\/span><\/div>\n<p>[\/vc_column_text]<div class=\"clearboth\"><\/div><div class=\"gem-divider \" style=\"margin-top: 10px;\"><\/div>[vc_column_text]<\/p>\n<div class=\"title-h2 title-h3\" style=\"text-align: center;\"><span style=\"color: #ffffff;\">Il meglio dal legno<\/span><\/div>\n<p>[\/vc_column_text]<\/div><\/div><\/div><div class=\"clearboth\"><\/div><div class=\"gem-divider \" style=\"margin-top: 70px;\"><\/div>[\/vc_column][\/vc_row][vc_row full_width=&#8221;stretch_row&#8221; disable_element=&#8221;yes&#8221; css=&#8221;.vc_custom_1519916543037{margin-bottom: 0px !important;background-image: url(http:\/\/ravizzaimballaggi.glacom.com\/wp-content\/uploads\/2016\/05\/construction01_about_us_background.png?id=24056) !important;background-position: center !important;background-repeat: no-repeat !important;background-size: cover !important;}&#8221;][vc_column][\/vc_column][vc_column width=&#8221;1\/2&#8243; offset=&#8221;vc_col-lg-4 vc_col-md-4&#8243;]<div class=\"clearboth\"><\/div><div class=\"gem-divider \" style=\"margin-top: 10px;\"><\/div>[vc_column_text]<\/p>\n<div class=\"title-h4\" style=\"margin-bottom: 20px;\"><span style=\"color: #2c2c2c;\">Imballaggi industriali<\/span><\/div>\n<div style=\"width: 63px; height: 2px; background: #000bdb; text-indent: 9999px;\">1<\/div>\n<p>[\/vc_column_text][vc_column_text]<span style=\"color: #8d8d8d;\">Lorem Ipsum proin gravida nibh vel velit auctor aliquet. Aenean sollicitudin, lorem quis bibendum auctor, nisi elit consequat ipsum, nec sagittis sem nibh id elit. Duis sed odio sit amet nibh vulputate cursus a sit amet mauris. Morbi accumsan ipsum velit. Nam nec tellus a odio tincidunt auctor a ornare odio. Sed non \u00a0mauris vitae erat consequat.<\/span>[\/vc_column_text]<div class=\"gem-icon-with-text gem-icon-with-text-icon-size-small\"><div style=\"margin-bottom:0px;margin-top:0px; \" class=\"gem-icon-with-text-icon\"><div class=\"gem-icon gem-icon-pack-elegant gem-icon-size-small  gem-icon-shape-square gem-simple-icon\" style=\"opacity: 1;\"><div class=\"gem-icon-inner\" style=\"\"><span class=\"gem-icon-half-1\" style=\"\"><span class=\"back-angle\">&#xe084;<\/span><\/span><span class=\"gem-icon-half-2\" style=\"\"><span class=\"back-angle\">&#xe084;<\/span><\/span><\/div><\/div><\/div><div class=\"gem-icon-with-text-content\" ><div class=\"gem-icon-with-text-text\">[vc_column_text css=&#8221;.vc_custom_1519652698524{margin-bottom: 0px !important;padding-bottom: 0px !important;}&#8221;]Materiale: legno di faggio[\/vc_column_text]<\/div><\/div><div class=\"clearboth\"><\/div><\/div><div class=\"gem-icon-with-text gem-icon-with-text-icon-size-small\"><div style=\"margin-bottom:0px;margin-top:0px; \" class=\"gem-icon-with-text-icon\"><div class=\"gem-icon gem-icon-pack-elegant gem-icon-size-small  gem-icon-shape-square gem-simple-icon\" style=\"opacity: 1;\"><div class=\"gem-icon-inner\" style=\"\"><span class=\"gem-icon-half-1\" style=\"\"><span class=\"back-angle\">&#xe042;<\/span><\/span><span class=\"gem-icon-half-2\" style=\"\"><span class=\"back-angle\">&#xe042;<\/span><\/span><\/div><\/div><\/div><div class=\"gem-icon-with-text-content\" ><div class=\"gem-icon-with-text-text\">[vc_column_text]Dimensione: 20 x 30 cm[\/vc_column_text]<\/div><\/div><div class=\"clearboth\"><\/div><\/div><div class=\"gem-icon-with-text gem-icon-with-text-icon-size-small\"><div style=\"margin-bottom:0px;margin-top:0px; \" class=\"gem-icon-with-text-icon\"><div class=\"gem-icon gem-icon-pack-elegant gem-icon-size-small  gem-icon-shape-square gem-simple-icon\" style=\"opacity: 1;\"><div class=\"gem-icon-inner\" style=\"\"><span class=\"gem-icon-half-1\" style=\"\"><span class=\"back-angle\">&#xe0ff;<\/span><\/span><span class=\"gem-icon-half-2\" style=\"\"><span class=\"back-angle\">&#xe0ff;<\/span><\/span><\/div><\/div><\/div><div class=\"gem-icon-with-text-content\" ><div class=\"gem-icon-with-text-text\">[vc_column_text]Peso: 20 kg[\/vc_column_text]<\/div><\/div><div class=\"clearboth\"><\/div><\/div><div class=\"gem-button-container gem-button-position-left\"><a class=\"gem-button gem-button-size-small gem-button-style-flat gem-button-text-weight-normal\" style=\"border-radius: 3px;background-color: #000bdb;color: #ffffff;\" onmouseleave=\"this.style.backgroundColor='#000bdb';this.style.color='#ffffff';\" onmouseenter=\"this.style.backgroundColor='#ffffff';this.style.color='#000bdb';\" href=\"\" target=\"_self\">read more<\/a><\/div> [\/vc_column][vc_column offset=&#8221;vc_col-lg-offset-2 vc_col-lg-6 vc_col-md-offset-0 vc_col-md-8 vc_col-sm-offset-0&#8243; css=&#8221;.vc_custom_1519652576340{background-image: url(http:\/\/ravizzaimballaggi.glacom.com\/wp-content\/uploads\/2018\/02\/IMG_7481_1.jpg?id=10) !important;background-position: center !important;background-repeat: no-repeat !important;background-size: cover !important;}&#8221;]<div class=\"clearboth\"><\/div><div class=\"gem-divider \" style=\"margin-top: 20px;\"><\/div><div class=\"clearboth\"><\/div><div class=\"gem-divider \" style=\"margin-top: 600px;\"><\/div>[\/vc_column][\/vc_row][vc_row full_width=&#8221;stretch_row_content&#8221; css=&#8221;.vc_custom_1520508681844{margin-top: 0px !important;margin-bottom: 0px !important;background-color: #f4f4f4 !important;}&#8221;][vc_column width=&#8221;1\/4&#8243;][\/vc_column][vc_column width=&#8221;1\/2&#8243;][vc_column_text css=&#8221;.vc_custom_1618316358493{padding-top: 20px !important;padding-bottom: 30px !important;}&#8221;]<\/p>\n<p style=\"text-align: center;\"><span style=\"font-weight: 400;\">L\u2019esperienza maturata in pi\u00f9 di 80 anni di attivit\u00e0 ci permette di fornirvi l\u2019<strong>imballaggio creato su misura per le vostre necessit\u00e0.<\/strong><\/span><\/p>\n<p style=\"text-align: center;\"><span style=\"font-weight: 400;\">Siamo qui per imballare i vostri prodotti e far si che arrivino in perfette condizioni dal destinatario.\u00a0<\/span><\/p>\n<p style=\"text-align: center;\"><strong><span style=\"color: #333333;\">Offriamo anche imballaggi in legno trattato HT per spedizioni verso paesi che lo richiedono.<\/span><\/strong><\/p>\n<p>[\/vc_column_text][\/vc_column][vc_column width=&#8221;1\/4&#8243;][\/vc_column][\/vc_row][vc_row full_width=&#8221;stretch_row_content&#8221; css=&#8221;.vc_custom_1520508639020{margin-top: 0px !important;margin-bottom: 0px !important;background-image: url(http:\/\/ravizzaimballaggi.glacom.com\/wp-content\/uploads\/2018\/02\/construction01_about_us_background-1024x291_mod.png?id=30492) !important;background-position: center !important;background-repeat: no-repeat !important;background-size: cover !important;}&#8221;][vc_column width=&#8221;1\/2&#8243; css=&#8221;.vc_custom_1519916805183{padding-right: 15% !important;padding-left: 15% !important;background-position: center !important;background-repeat: no-repeat !important;background-size: cover !important;}&#8221;]<div class=\"clearboth\"><\/div><div class=\"gem-divider \" style=\"margin-top: 50px;\"><\/div>[vc_column_text]<\/p>\n<div class=\"title-h4\" style=\"margin-bottom: 20px;\"><span style=\"color: #2c2c2c;\">CASSE DA IMBALLAGGIO IN LEGNO<\/span><\/div>\n<div style=\"width: 63px; height: 2px; background: #000bdb; text-indent: 9999px;\">1<\/div>\n<p>[\/vc_column_text][vc_column_text]<span style=\"color: #999999;\"><span style=\"font-weight: 400;\">Realizziamo tutte le principali tipologie di casse da imballaggio in abete, con tavole accostate e\/o maschiate.\u00a0<\/span><span style=\"font-weight: 400;\">Non essendo vincolati a formati standard di pannelli, \u00e8 possibile creare casse personalizzate di ogni dimensione per rispondere alle necessit\u00e0 pi\u00f9 precise. <\/span><\/span><\/p>\n<p><span style=\"color: #999999;\"><span style=\"font-weight: 400;\">All\u2019interno delle casse \u00e8 possibile applicare materiali di attutimento degli urti tra cui vari agglomerati, stratocell, pluriball e molti altri.\u00a0<\/span><\/span><\/p>\n<p><span style=\"color: #999999;\">Tutte le nostre casse sono costruite con legno trattato HT, idoneo per le spedizioni in tutto il mondo.<\/span><\/p>\n<p>&nbsp;[\/vc_column_text]<div class=\"gem-icon-with-text gem-icon-with-text-icon-size-small\"><div style=\"margin-bottom:0px;margin-top:0px; \" class=\"gem-icon-with-text-icon\"><div class=\"gem-icon gem-icon-pack-elegant gem-icon-size-small  gem-icon-shape-square gem-simple-icon\" style=\"opacity: 1;\"><div class=\"gem-icon-inner\" style=\"\"><span class=\"gem-icon-half-1\" style=\"\"><span class=\"back-angle\">&#xe084;<\/span><\/span><span class=\"gem-icon-half-2\" style=\"\"><span class=\"back-angle\">&#xe084;<\/span><\/span><\/div><\/div><\/div><div class=\"gem-icon-with-text-content\" ><div class=\"gem-icon-with-text-text\">[vc_column_text css=&#8221;.vc_custom_1618317350114{margin-bottom: 0px !important;padding-bottom: 0px !important;}&#8221;]<strong>Materiale<\/strong>: Abete; Tavole accostate; Maschiate; Trattate HT[\/vc_column_text]<\/div><\/div><div class=\"clearboth\"><\/div><\/div><div class=\"gem-button-container gem-button-position-left\"><a class=\"gem-button gem-button-size-small gem-button-style-flat gem-button-text-weight-normal\" style=\"border-radius: 3px;background-color: #000bdb;color: #ffffff;\" onmouseleave=\"this.style.backgroundColor='#000bdb';this.style.color='#ffffff';\" onmouseenter=\"this.style.backgroundColor='#ffffff';this.style.color='#000bdb';\" href=\"http:\/\/ravizzaimballaggi.glacom.com\/?page_id=30363\" target=\"_self\">RICHIEDI UN PREVENTIVO<\/a><\/div> [\/vc_column][vc_column width=&#8221;1\/2&#8243; css=&#8221;.vc_custom_1617018317163{background-image: url(http:\/\/ravizzaimballaggi.glacom.com\/wp-content\/uploads\/2021\/03\/IMG_6833-min.jpg?id=30742) !important;background-position: center !important;background-repeat: no-repeat !important;background-size: cover !important;}&#8221;]<div class=\"clearboth\"><\/div><div class=\"gem-divider \" style=\"margin-top: 600px;\"><\/div>[\/vc_column][\/vc_row][vc_row full_width=&#8221;stretch_row_content&#8221; css=&#8221;.vc_custom_1520508616506{margin-top: 0px !important;margin-bottom: 0px !important;background-image: url(http:\/\/ravizzaimballaggi.glacom.com\/wp-content\/uploads\/2018\/02\/construction01_about_us_background-1024x291_mod.png?id=30492) !important;background-position: center !important;background-repeat: no-repeat !important;background-size: cover !important;}&#8221;][vc_column width=&#8221;1\/2&#8243; css=&#8221;.vc_custom_1621598042082{background-image: url(http:\/\/ravizzaimballaggi.glacom.com\/wp-content\/uploads\/2021\/05\/WhatsApp-Image-2021-05-21-at-09.48.15.jpeg?id=30942) !important;background-position: center !important;background-repeat: no-repeat !important;background-size: cover !important;}&#8221; offset=&#8221;vc_hidden-xs&#8221;]<div class=\"clearboth\"><\/div><div class=\"gem-divider \" style=\"margin-top: 600px;\"><\/div>[\/vc_column][vc_column width=&#8221;1\/2&#8243; css=&#8221;.vc_custom_1519916833213{padding-right: 15% !important;padding-left: 15% !important;background-position: center !important;background-repeat: no-repeat !important;background-size: cover !important;}&#8221;]<div class=\"clearboth\"><\/div><div class=\"gem-divider \" style=\"margin-top: 50px;\"><\/div>[vc_column_text]<\/p>\n<div class=\"title-h4\" style=\"margin-bottom: 20px;\"><span style=\"color: #2c2c2c;\">Casse in Osb E COMPENSATO<\/span><\/div>\n<div style=\"width: 63px; height: 2px; background: #000bdb; text-indent: 9999px;\">1<\/div>\n<p>[\/vc_column_text][vc_column_text]<span style=\"font-weight: 400; color: #999999;\">L&#8217;OSB e il compensato sono l&#8217;opzione<\/span><span style=\"color: #999999;\">\u00a0ideale per chi necessita di una copertura totale del prodotto durante il trasporto, sia esso via terra, aria o mare. La parete risulta completamente chiusa e uniforme, agevolando eventuali marchiature e scritte sull&#8217;imballo.<\/span><\/p>\n<p><span style=\"color: #999999;\">Partendo da pannelli di dimensioni standard, i due materiali permettono la creazione di casse di piccole e medie dimensioni.<\/span><\/p>\n<p><span style=\"font-weight: 400; color: #999999;\">Usiamo solo legname di alta qualit\u00e0 provvisto di tutte le certificazioni per le spedizioni in EU ed extra EU.<\/span>[\/vc_column_text]<div class=\"clearboth\"><\/div><div class=\"gem-divider \" style=\"margin-top: 55px;\"><\/div><div class=\"gem-icon-with-text gem-icon-with-text-icon-size-small\"><div style=\"margin-bottom:0px;margin-top:0px; \" class=\"gem-icon-with-text-icon\"><div class=\"gem-icon gem-icon-pack-elegant gem-icon-size-small  gem-icon-shape-square gem-simple-icon\" style=\"opacity: 1;\"><div class=\"gem-icon-inner\" style=\"\"><span class=\"gem-icon-half-1\" style=\"\"><span class=\"back-angle\">&#xe084;<\/span><\/span><span class=\"gem-icon-half-2\" style=\"\"><span class=\"back-angle\">&#xe084;<\/span><\/span><\/div><\/div><\/div><div class=\"gem-icon-with-text-content\" ><div class=\"gem-icon-with-text-text\">[vc_column_text]<strong>Materiali:\u00a0<\/strong>OBS; Compensato; Trattate HT[\/vc_column_text]<\/div><\/div><div class=\"clearboth\"><\/div><\/div><div class=\"clearboth\"><\/div><div class=\"gem-divider \" style=\"margin-top: 10px;\"><\/div><div class=\"gem-button-container gem-button-position-left\"><a class=\"gem-button gem-button-size-small gem-button-style-flat gem-button-text-weight-normal\" style=\"border-radius: 3px;background-color: #000bdb;color: #ffffff;\" onmouseleave=\"this.style.backgroundColor='#000bdb';this.style.color='#ffffff';\" onmouseenter=\"this.style.backgroundColor='#ffffff';this.style.color='#000bdb';\" href=\"http:\/\/ravizzaimballaggi.glacom.com\/?page_id=30363\" target=\"_self\">RICHIEDI UN PREVENTIVO<\/a><\/div> [\/vc_column][\/vc_row][vc_row full_width=&#8221;stretch_row_content&#8221; css=&#8221;.vc_custom_1520508597377{margin-top: 0px !important;margin-bottom: 0px !important;background-image: url(http:\/\/ravizzaimballaggi.glacom.com\/wp-content\/uploads\/2018\/02\/construction01_about_us_background-1024x291_mod.png?id=30492) !important;background-position: center !important;background-repeat: no-repeat !important;background-size: cover !important;}&#8221;][vc_column width=&#8221;1\/2&#8243; css=&#8221;.vc_custom_1519916805183{padding-right: 15% !important;padding-left: 15% !important;background-position: center !important;background-repeat: no-repeat !important;background-size: cover !important;}&#8221;]<div class=\"clearboth\"><\/div><div class=\"gem-divider \" style=\"margin-top: 50px;\"><\/div>[vc_column_text]<\/p>\n<div class=\"title-h4\" style=\"margin-bottom: 20px;\"><span style=\"color: #2c2c2c;\">GABBIE IN LEGNO<\/span><\/div>\n<div style=\"width: 63px; height: 2px; background: #000bdb; text-indent: 9999px;\">1<\/div>\n<p>[\/vc_column_text][vc_column_text]<span style=\"font-weight: 400; color: #999999;\">Quando si cerca un imballaggio leggero ma resistente, le gabbie sono la soluzione perfetta.<\/span><\/p>\n<p><span style=\"color: #999999;\">Create in legno di abete, permettono maggiore<\/span><span style=\"color: #999999;\">\u00a0<\/span><span style=\"color: #999999;\">visibilit\u00e0 del prodotto dall&#8217;esterno e si adattano a molteplici combinazioni di peso e dimensioni. Inoltre sono pi\u00f9 leggere, riducendo cos\u00ec i costi di produzione e spedizione.<\/span><\/p>\n<p><span style=\"color: #999999;\">Anche per le gabbie, il legno utilizzato \u00e8 certificato FIT-OK.<\/span>[\/vc_column_text]<div class=\"clearboth\"><\/div><div class=\"gem-divider \" style=\"margin-top: 50px;\"><\/div><div class=\"gem-icon-with-text gem-icon-with-text-icon-size-small\"><div style=\"margin-bottom:0px;margin-top:0px; \" class=\"gem-icon-with-text-icon\"><div class=\"gem-icon gem-icon-pack-elegant gem-icon-size-small  gem-icon-shape-square gem-simple-icon\" style=\"opacity: 1;\"><div class=\"gem-icon-inner\" style=\"\"><span class=\"gem-icon-half-1\" style=\"\"><span class=\"back-angle\">&#xe084;<\/span><\/span><span class=\"gem-icon-half-2\" style=\"\"><span class=\"back-angle\">&#xe084;<\/span><\/span><\/div><\/div><\/div><div class=\"gem-icon-with-text-content\" ><div class=\"gem-icon-with-text-text\">[vc_column_text css=&#8221;.vc_custom_1618320334778{margin-bottom: 0px !important;padding-bottom: 0px !important;}&#8221;]<strong>Materiale<\/strong>: Abete; Trattate HT[\/vc_column_text]<\/div><\/div><div class=\"clearboth\"><\/div><\/div><div class=\"gem-button-container gem-button-position-left\"><a class=\"gem-button gem-button-size-small gem-button-style-flat gem-button-text-weight-normal\" style=\"border-radius: 3px;background-color: #000bdb;color: #ffffff;\" onmouseleave=\"this.style.backgroundColor='#000bdb';this.style.color='#ffffff';\" onmouseenter=\"this.style.backgroundColor='#ffffff';this.style.color='#000bdb';\" href=\"http:\/\/ravizzaimballaggi.glacom.com\/?page_id=30363\" target=\"_self\">RICHIEDI UN PREVENTIVO<\/a><\/div> [\/vc_column][vc_column width=&#8221;1\/2&#8243; css=&#8221;.vc_custom_1616666569761{background-image: url(http:\/\/ravizzaimballaggi.glacom.com\/wp-content\/uploads\/2018\/03\/Copia-di-IMG_3318.jpg?id=30560) !important;background-position: center !important;background-repeat: no-repeat !important;background-size: cover !important;}&#8221;]<div class=\"clearboth\"><\/div><div class=\"gem-divider \" style=\"margin-top: 600px;\"><\/div>[\/vc_column][\/vc_row][vc_row full_width=&#8221;stretch_row_content&#8221; css=&#8221;.vc_custom_1520508564439{margin-top: 0px !important;margin-bottom: 0px !important;background-image: url(http:\/\/ravizzaimballaggi.glacom.com\/wp-content\/uploads\/2018\/02\/construction01_about_us_background-1024x291_mod.png?id=30492) !important;background-position: center !important;background-repeat: no-repeat !important;background-size: cover !important;}&#8221;][vc_column width=&#8221;1\/2&#8243; css=&#8221;.vc_custom_1619596505035{margin-left: 0px !important;border-left-width: 0px !important;padding-left: 0px !important;background-image: url(http:\/\/ravizzaimballaggi.glacom.com\/wp-content\/uploads\/2021\/04\/Pedana-personalizzata-2.jpg?id=30938) !important;background-position: center !important;background-repeat: no-repeat !important;background-size: cover !important;}&#8221; offset=&#8221;vc_hidden-xs&#8221;]<div class=\"clearboth\"><\/div><div class=\"gem-divider \" style=\"margin-top: 600px;\"><\/div>[\/vc_column][vc_column width=&#8221;1\/2&#8243; css=&#8221;.vc_custom_1519916833213{padding-right: 15% !important;padding-left: 15% !important;background-position: center !important;background-repeat: no-repeat !important;background-size: cover !important;}&#8221;]<div class=\"clearboth\"><\/div><div class=\"gem-divider \" style=\"margin-top: 50px;\"><\/div>[vc_column_text]<\/p>\n<div class=\"title-h4\" style=\"margin-bottom: 20px;\"><span style=\"color: #2c2c2c;\">PEDANE PERSONALIZZATE<\/span><\/div>\n<div style=\"width: 63px; height: 2px; background: #000bdb; text-indent: 9999px;\">1<\/div>\n<p>[\/vc_column_text][vc_column_text]<span style=\"color: #999999;\">Il basamento \u00e8 l&#8217;elemento portante di un imballo, realizzato su misura per supportare il peso e le dimensioni della merce. Disponibile anche singolarmente.<\/span><\/p>\n<p><span style=\"color: #999999;\">Realizzate in diversi materiali, le pedane possono essere completate con materiali ammortizzanti per garantire un trasporto sicuro ed evitare le micro-vibrazioni, particolarmente dannose per componenti elettriche e meccaniche.<\/span><\/p>\n<p>&nbsp;[\/vc_column_text]<div class=\"clearboth\"><\/div><div class=\"gem-divider \" style=\"margin-top: 10px;\"><\/div><div class=\"gem-icon-with-text gem-icon-with-text-icon-size-small gem-icon-with-text-flow\"><div style=\"margin-bottom:0px;margin-top:0px; \" class=\"gem-icon-with-text-icon\"><div class=\"gem-icon gem-icon-pack-elegant gem-icon-size-small  gem-icon-shape-square gem-simple-icon\" style=\"opacity: 1;\"><div class=\"gem-icon-inner\" style=\"\"><span class=\"gem-icon-half-1\" style=\"\"><span class=\"back-angle\">&#xe084;<\/span><\/span><span class=\"gem-icon-half-2\" style=\"\"><span class=\"back-angle\">&#xe084;<\/span><\/span><\/div><\/div><\/div><div class=\"gem-icon-with-text-content\" ><div class=\"gem-icon-with-text-text\">[vc_column_text css=&#8221;.vc_custom_1618320358520{margin-bottom: 0px !important;padding-bottom: 0px !important;}&#8221;]<strong>Materiale<\/strong>: Abete; Compensato; OSB; Trattate HT[\/vc_column_text]<\/div><\/div><div class=\"clearboth\"><\/div><\/div><div class=\"gem-button-container gem-button-position-left\"><a class=\"gem-button gem-button-size-small gem-button-style-flat gem-button-text-weight-normal\" style=\"border-radius: 3px;background-color: #000bdb;color: #ffffff;\" onmouseleave=\"this.style.backgroundColor='#000bdb';this.style.color='#ffffff';\" onmouseenter=\"this.style.backgroundColor='#ffffff';this.style.color='#000bdb';\" href=\"http:\/\/ravizzaimballaggi.glacom.com\/?page_id=30363\" target=\"_self\">RICHIEDI UN PREVENTIVO<\/a><\/div> [\/vc_column][\/vc_row]<\/p>\n","protected":false},"excerpt":{"rendered":"<p>[vc_row full_width=&#8221;stretch_row&#8221; css=&#8221;.vc_custom_1617018248535{margin-bottom: 0px !important;background-image: url(http:\/\/ravizzaimballaggi.glacom.com\/wp-content\/uploads\/2021\/03\/WhatsApp-Image-2021-03-29-at-13.38.25.jpeg?id=30836) !important;background-position: center !important;background-repeat: no-repeat !important;background-size: cover !important;}&#8221;][vc_column][\/vc_column][\/vc_row][vc_row full_width=&#8221;stretch_row&#8221; disable_element=&#8221;yes&#8221; css=&#8221;.vc_custom_1519916543037{margin-bottom: 0px !important;background-image: url(http:\/\/ravizzaimballaggi.glacom.com\/wp-content\/uploads\/2016\/05\/construction01_about_us_background.png?id=24056) !important;background-position:&#8230;<\/p>\n","protected":false},"author":1,"featured_media":0,"parent":0,"menu_order":0,"comment_status":"closed","ping_status":"closed","template":"","meta":{"_monsterinsights_skip_tracking":false,"_monsterinsights_sitenote_active":false,"_monsterinsights_sitenote_note":"","_monsterinsights_sitenote_category":0,"footnotes":""},"class_list":["post-30529","page","type-page","status-publish","hentry"],"_links":{"self":[{"href":"https:\/\/www.ravizzaimballaggi.com\/index.php?rest_route=\/wp\/v2\/pages\/30529","targetHints":{"allow":["GET"]}}],"collection":[{"href":"https:\/\/www.ravizzaimballaggi.com\/index.php?rest_route=\/wp\/v2\/pages"}],"about":[{"href":"https:\/\/www.ravizzaimballaggi.com\/index.php?rest_route=\/wp\/v2\/types\/page"}],"author":[{"embeddable":true,"href":"https:\/\/www.ravizzaimballaggi.com\/index.php?rest_route=\/wp\/v2\/users\/1"}],"replies":[{"embeddable":true,"href":"https:\/\/www.ravizzaimballaggi.com\/index.php?rest_route=%2Fwp%2Fv2%2Fcomments&post=30529"}],"version-history":[{"count":64,"href":"https:\/\/www.ravizzaimballaggi.com\/index.php?rest_route=\/wp\/v2\/pages\/30529\/revisions"}],"predecessor-version":[{"id":30943,"href":"https:\/\/www.ravizzaimballaggi.com\/index.php?rest_route=\/wp\/v2\/pages\/30529\/revisions\/30943"}],"wp:attachment":[{"href":"https:\/\/www.ravizzaimballaggi.com\/index.php?rest_route=%2Fwp%2Fv2%2Fmedia&parent=30529"}],"curies":[{"name":"wp","href":"https:\/\/api.w.org\/{rel}","templated":true}]}}